
True
Suppose 2*q - 103900 = -2*y, 53*q - 48*q + 103935 = 2*y. Is y a composite number?
True
Let q be (-2)/2 + 3 + 0. Suppose -q*r + 2865 = r. Is r a prime number?
False
Suppose -21*z + 25*z - 10964 = 0. Is z composite?
False
Let i(h) = -h**2 + h + 2. Let s be i(2). Let g = 304 - -224. Suppose u + 3*p - g = 344, s = -5*u + p + 4440. Is u a composite number?
False
Suppose -3*k = 5*l + k, 0 = l - 5*k - 29. Suppose 5*c - 5 = 0, q - 5*c - 3 = -5. Suppose q*y = l*y - 307. Is y composite?
False
Suppose -4*u = -2*s - 29672, 0*s + 2*s + 4 = 0. Is u composite?
False
Let v = -26 + 32. Let o(p) = p**3 - p**2 + 6*p - 7. Is o(v) a composite number?
True
Let o be (-3)/6 - (-934)/(-4). Let m be o/65 - 2/5. Let r(i) = i**3 + 6*i**2 - 5*i - 1. Is r(m) a prime number?
False
Is 1/(-2) - (-1718079)/242 composite?
True
Let g = -31532 - -50227. Is g prime?
False
Is ((-4)/(-30)*5)/((-6)/(-10485)) composite?
True
Let p = 27224 - -50403. Is p composite?
True
Let q(g) = -121*g**2 + 2*g + 2. Let u be q(-5). Let j = u - -1943. Let t = -493 - j. Is t composite?
True
Suppose 26*p - 23*p = 108. Let j = p - 36. Let g(f) = f**3 - f**2 - f + 87. Is g(j) composite?
True
Let c(s) = -s**2 + 8*s + 3. Let m be c(8). Let x(y) = 1 + m - 32*y - 5. Is x(-3) a composite number?
True
Let b(l) = 2060*l**3 + 4*l**2 - 3*l - 3. Is b(2) a composite number?
False
Let q(p) = -116*p + 11. Suppose 0 = -r - 14 + 8. Is q(r) a prime number?
False
Suppose -4*a = 6*a + 13450. Is -3*a/(-10)*-2 prime?
False
Let s(t) = t**3 + 5*t**2 + 5*t + 6. Let v be s(-4). Suppose 7*h = v*h + 1365. Suppose -2*p + h = p. Is p prime?
False
Suppose 23472 = 2*f - 688. Suppose 0 = -2*r + d + f, 0 = -2*d + 4*d - 4. Is r prime?
False
Let d = 5916 - 2617. Is d prime?
True
Let j(o) = -2*o + 1. Let z be j(1). Let a be (2 - -18) + z + -4. Suppose 15 = -3*k, -3*u + 2*u + a = 2*k. Is u composite?
True
Suppose 0 = -4*j - 0*j + 3*u + 15176, 4*j - 15180 = 4*u. Is j composite?
True
Is (-6)/20 + (-2353)/(-10) composite?
True
Suppose -4*f - 6 = -f. Let g be (2 - (-2 - -4))/f. Suppose -r - 3 = g, d - 4*r - 232 = -3*d. Is d a prime number?
False
Suppose -2*p - g + 2*g + 50732 = 0, 5*p - 126845 = -5*g. Is p composite?
False
Let k = -7906 + 13857. Is k prime?
False
Let x(r) = -109*r + 10. Is x(-19) a prime number?
True
Suppose -5*y + 5 = 0, 3*g + 3*y - 149183 = -34427. Is g a composite number?
True
Let r = -12395 - -19200. Is r prime?
False
Let i be (-3 - 3/(-4))/((-2)/8). Suppose i*g - 3236 - 2443 = 0. Is g a composite number?
False
Suppose -3*v = -3*h - 33, 2*v - 35 = -2*v - 5*h. Is 48 + (-15)/(5 - v) a composite number?
True
Let c be 3075/27 + (-2)/(-18). Suppose 2*v - c = 108. Is v prime?
False
Let u = 25 + -16. Suppose 2*d - 5 = u. Suppose -5*q + 4*q + d = 0. Is q prime?
True
Let m(b) = 15*b**2 + 2 - 6 - 3 - b. Is m(-5) composite?
False
Let x(a) = 3*a**2 + 5*a + 11. Let w(f) = f + 3. Let s be w(10). Suppose -2*t - 5 = s. Is x(t) prime?
False
Let l = 4356 + 1763. Is l a composite number?
True
Suppose -68881 = -2*m - 23879. Is m a prime number?
True
Suppose 48*p + 1552698 = 174*p. Is p a prime number?
True
Suppose 2*f - 3*h - 12724 = 0, -3*h - 2*h = 5*f - 31760. Let r = f + -2649. Is r a composite number?
True
Suppose 6*j = -13*j + 10621. Is j a prime number?
False
Let p(r) = r - 14. Let i be p(20). Is ((-1318)/i)/((-12)/180) prime?
False
Is ((4 - -111376) + 8)*(-2)/(-8) a prime number?
True
Let h be 3 - (-18)/(-8) - (-52)/16. Suppose h*k - 6*k - 5*g = -1578, -2*k = g - 1586. Is k composite?
True
Suppose -13*g = 4*q - 17*g - 3780, -4*q + 2*g + 3776 = 0. Let a = 2410 + q. Is a composite?
True
Let u = -59 + 776. Suppose 0 = -3*n + 756 + u. Is n a composite number?
False
Let s be 16/(-28) + 125/35. Let y(m) = -19*m**2 + 4*m + 1. Let j(f) = -20*f**2 + 3*f. Let t(b) = -5*j(b) + 4*y(b). Is t(s) composite?
False
Let c(a) = -a**2 - 7*a + 4. Let x be c(-6). Suppose -x*r = -15*r. Suppose -4*m + 0*m + 5*v = -1276, m - 4*v - 319 = r. Is m composite?
True
Let z be (-27)/(-5) + (-3)/(-5). Is z/2 - -52*4 a composite number?
False
Let v(r) = 1159*r**2 + 24*r - 76. Is v(3) composite?
False
Let x = 893 + -619. Is x a composite number?
True
Let p = 22 + -29. Let j(r) = 12*r**2 - 8*r + 2. Let k be j(p). Suppose 0 = -u - k + 1605. Is u prime?
False
Let v be (10/(-5))/((-1)/(-86)). Let y = v + 267. Is y prime?
False
Suppose 3*k - 1653 - 9624 = 3*f, 0 = -3*k + 2*f + 11279. Is k a prime number?
True
Let b(g) = -g**3 + 12*g**2 + 48*g + 61. Is b(-21) a prime number?
False
Suppose -5*h = -n - 90682, -5*h + n + 90694 = 4*n. Is h a composite number?
True
Suppose -3*b = 3*c - 19062, 2*c = b + 6317 + 6388. Is c composite?
False
Let d(y) = 38*y**2 - 3*y - 7. Let u(s) = s**2 + 9*s - 26. Let n be u(-11). Is d(n) composite?
False
Let a(n) = n**2 + 5*n - 26. Let m be a(5). Is ((-3639)/4)/(m/(-32)) prime?
True
Let w(q) be the second derivative of 7*q**6/180 - q**5/120 - 5*q**4/24 - 7*q**3/6 + 9*q. Let i(s) be the second derivative of w(s). Is i(-4) a composite number?
False
Suppose 474829 = 25*o - 6*o. Is o prime?
False
Suppose -159 = -3*t + 336. Let k = 284 - t. Is k prime?
False
Is (-958)/(-3)*1/((-6)/(-9)) a composite number?
False
Let j(i) = -i**3 + 5*i**2 - 3*i + 1. Let r be j(4). Suppose -667 = -r*m + 3*x + 474, x = 2*m - 457. Let c = 63 + m. Is c a composite number?
False
Let w be -2*((-4)/(-10) - (-14)/(-10)). Is (6/(-4))/(w/(-212)) prime?
False
Let c = -1415 + 3330. Let a = c + 5734. Is a prime?
True
Suppose 0 = 3*n + 3*n - 18. Let p be 0*1/(-6)*n. Suppose 2*b = -p*b + 478. Is b a composite number?
False
Let w be 70/7 + -3*1. Suppose 8 = -w*b + 11*b. Suppose 2*o + 322 = b*y, 3*y = y + 5*o + 334. Is y composite?
False
Suppose -5*i = -5*d + 798 + 1017, 0 = -d - 5*i + 375. Is d a prime number?
False
Let z be ((-4479)/6 - -2)*-2. Suppose -80 + z = 3*d + q, -463 = -d + 3*q. Is d composite?
True
Let r be (12/9)/(2/(-12)). Let x(y) = 6*y + 10*y**2 - 3 + 4*y + y**3 + y. Is x(r) a prime number?
True
Let r(h) = 28*h**2 - 9*h + 344. Is r(-30) prime?
False
Suppose -26146 = -9*b - 8389. Is b a composite number?
False
Suppose -4*n - o = -42, 0*o - 2*o + 44 = 4*n. Let x be (-7386)/(-15) - 4/n. Suppose i + 3*i - x = 0. Is i a prime number?
False
Let j(l) = -3*l**3 - 1. Let z be j(-1). Suppose s + 3*t = 355, -z*s = 2*s + 5*t - 1434. Is s composite?
True
Suppose c = -c - 2, -3*s - 19 = 4*c. Let g(i) be the second derivative of 25*i**4/12 - i**3/3 + 103*i. Is g(s) composite?
True
Let o(c) be the second derivative of -c**6/180 + c**5/120 - c**4/12 + 4*c. Let j(i) be the third derivative of o(i). Is j(-5) prime?
False
Suppose 0 = -3*m - 3. Let y(n) = -n**3 - 15*n**2 - 15*n - 14. Let l be y(-14). Is l/(m - -3) - -15 composite?
True
Let c(h) = -2*h + 52. Let g(v) = -v + 26. Let i(s) = -2*c(s) + 5*g(s). Is i(12) a prime number?
False
Suppose 3*u - 2905 = 2402. Is u a prime number?
False
Let i(g) = 2*g**3 + 11*g**2 + 3*g - 12. Let q be i(-5). Is (68/(-12))/(q/120) - -1 a composite number?
True
Let v(k) = -2322*k + 139. Is v(-4) composite?
True
Is ((-102)/85)/((-4)/3550) - -4 a composite number?
False
Suppose 28*u - 30*u = -10. Suppose 3882 = c + u*c. Is c prime?
True
Suppose 3*b = 3*r - 96, -3*b + 4*b + 67 = 2*r. Suppose -t - 3*c = -263, -c + 220 + r = t. Is t prime?
True
Suppose 5 = 4*j - 15. Suppose -3*v - 2*d + j*d = -2808, -4*v + d + 3759 = 0. Is v a composite number?
False
Let v be (0 - -182) + (-9 - -11). Let s = v + -7. Is s a prime number?
False
Suppose u = -4*v + 3291, -5*v = -v + 4. Is u composite?
True
Suppose -6*x + 902 - 356 = 0. Is x composite?
True
Let f(h) = -5357*h - 115. Is f(-4) a prime number?
True
Suppose -3*t + 52 = -32. Suppose t = h - 306. Is h a prime number?
False
Let r = 15359 - 1318. Is r composite?
True
Suppose 12*k - 2*k - 6330 = 0. Is k composite?
True
Let c = 37 + -15. Let u be c*-27*(-4)/(-8). Let j = 10 - u. Is j a prime number?
True
Suppose -10584 = -n + 8939. Is n a prime number?
False
Let s(m) = -m**2 - 13*m + 24. Let a be s(-14). Suppose -6 = -4*n + 2. Suppose -n*g + a*g = 7608. Is g a composite number?
True
Suppose 4 = 4*n, 2*u - 5*n = 7*u - 25. Suppose -j - 4*l + 6825 = u*j, 0 = -4*j - 5*l + 5469. Is j a composite number?
False
Suppose 3*p = -p. Let k be 3 - (p/(-1) + 0). Suppose -2*f - k*t + 518 = 4, -f + 4*t = -235. Is f a composite number?
Fa